ose -4*m - 14 = -2. Let u be ((m - 0) + 50)*1. Let o = -19 + u. What is the tens digit of o?
2
Suppose 3*h - 740 = c, 0 = -4*c + 8*c - 4. What is the hundreds digit of h?
2
What is the hundreds digit of 1802 + (-9 - -17) + -2*2?
8
Suppose -195 = -2*x - 3*y, -y = -7*x + 2*x + 530. What is the hundreds digit of x?
1
Let x = 181 + -1. What is the hundreds digit of x?
1
Suppose 14*j = 9577 - 2479. What is the units digit of j?
7
Let v = 29 + -25. Suppose 0 = 5*d - 3*a - 1295, -v*d - 2*a = -666 - 348. Suppose 2*w + 2*w - d = 0. What is the tens digit of w?
6
Suppose -3*f + 6*f - 21 = 0. Let c(x) = 0*x + x + 5 + x**2 - 7*x. What is the tens digit of c(f)?
1
Let n be (-4 - -238 - -2)/1. What is the units digit of 2*24/(-32)*n/(-3)?
8
Suppose 0 = 4*y + 3*s + 84, 0 = 4*s - s + 12. Suppose 0*q + 37 = -q + 4*k, -k = 3*q + 150. Let c = y - q. What is the units digit of c?
1
Suppose -3*q + 69 = -3*k, -2*q - k + 50 = -5*k. Suppose -18*i + q*i = 267. What is the units digit of i?
9
Let j = -114 + 24. Let l = 235 + j. What is the units digit of l?
5
Let x(i) = i**2 + 6*i + 9. Let z be x(-6). Suppose z*s - 12 = 13*s. What is the units digit of s*(1/(-1) + -6)?
1
Suppose -3*r + 5*r - 4 = 0. Let w be r + 51*(-4)/6. Let p = w - -49. What is the units digit of p?
7
What is the units digit of (-3 - -882) + (-12)/(-8)*2?
2
Let u(l) = -l**2 + 9*l - 9. Let s be u(6). Let q be (-2)/(-3)*(s - 6). Suppose -q*x = -2*m - 46, 3*x - 16 - 58 = 2*m. What is the units digit of x?
8
Suppose -2*t = -t - 565. Suppose 3*i = 8*i - t. What is the tens digit of i?
1
Let g be (-244)/(-2) + 26/(-13). Let z(k) = 2*k - 2. Let x be z(2). Suppose x*w = 7*w - g. What is the tens digit of w?
2
What is the hundreds digit of (401/2)/(21/42)?
4
Let s(l) = -2*l - 23. Let f be s(-16). Suppose -f*k + 648 = -1125. What is the hundreds digit of k?
1
Let g(i) = -i - 1. Let p(y) = -y**2 + 17*y + 14. Let t(n) = 2*g(n) + p(n). What is the tens digit of t(12)?
4
Let d(h) = -16*h - 68. Let u be d(-3). Let n be 1 + -1 + (36 - 0). Let a = n + u. What is the units digit of a?
6
Suppose 4*r + 1111 = 5*k - 1444, 0 = 5*k + 2*r - 2555. What is the tens digit of k?
1
Suppose 5*g = -2*g - 49. Let a be (-5)/20 - g/(-4). What is the units digit of (-7 + 12/(-4))/a?
5
Let c(l) = l**3 - 7*l**2 - 5*l - 4. Let s be c(8). Suppose 3*b + 0*b + 2*z + s = 0, 2*b + 24 = -4*z. What is the units digit of 2/4 + (-94)/b?
4
Let f(p) = -3*p + 175 - 183 + 0*p. Let t be -1 + ((-4)/(-2) - 13). What is the tens digit of f(t)?
2
Let w(t) = t**3 + 13*t**2 - 8*t - 9. Let i be w(-11). Let p = -175 + i. What is the units digit of p?
6
Let z = -114 + 861. What is the tens digit of z?
4
Let h(r) = -2*r - 2*r**2 + 2*r**2 + 2 + 0*r**3 + 2*r**3 - r**2. What is the units digit of h(2)?
0
Suppose -2*h = -2*g - 497 + 25, 5*g = -5*h + 1210. What is the units digit of h?
9
Suppose 1142 = 3*s - 2*i, 4*s + 2*i + 386 = 5*s. What is the tens digit of s?
7
Suppose 6*i = 9*i + 15. Let g(j) = -2*j**3 - 6*j**2 + j - 1. What is the tens digit of g(i)?
9
Let y = 37 - 35. Let d be y + (-3 + 2)*-347. Suppose 0 = -7*w + 78 + d. What is the units digit of w?
1
Let f(z) = -z**3 - 12*z**2 - 4*z - 10. Let d be f(-11). Let g = d - -151. Let n = g - 42. What is the units digit of n?
2
Let d(f) = -49*f**2 + 7*f + 13. Let c be d(9). Let o be 5/(-10) - c/2. What is the units digit of o/49 + (-4)/(-14)?
0
What is the tens digit of ((-16)/(-10))/((-22)/(-5500))?
0
Suppose -31*i + 11899 + 4221 = 0. What is the tens digit of i?
2
Let v = 27 - 28. What is the tens digit of 3036/44 - (-1 + 1)*v?
6
Let m(u) = -1 + 4*u + 3 + 0*u. Let j be -4*4/16*-5. What is the tens digit of m(j)?
2
Suppose 0 = 29*q - 34*q + 2605. What is the tens digit of q?
2
Suppose 87 + 876 = 9*v. Suppose 4*u - v = -3*y + 32, -25 = -y + 4*u. What is the units digit of y?
1
What is the hundreds digit of (-137)/(104/(-16) + 6)?
2
Let b = -105 - -76. Let h = b - -95. What is the tens digit of h?
6
Let g = -1196 - -2998. What is the units digit of g?
2
Let q(x) = 91*x**2 - 16*x + 154. What is the units digit of q(7)?
1
Let p(n) = n + 1. Let b(a) = -219*a**2 - 11*a - 10. Let l(o) = -b(o) - 6*p(o). What is the tens digit of l(-1)?
1
Let m = -22 + 24. Suppose 284 = 2*j - 5*q, 0*j + q - 308 = -m*j. What is the hundreds digit of j?
1
Let g(p) = -p + 11. What is the tens digit of g(-3)?
1
Let p = 43 - -347. What is the tens digit of p?
9
Suppose 4*t = -11*t - 105. Let b = 35 - 14. Let s = t + b. What is the units digit of s?
4
Let g(o) = o**3 - 7*o**2 + 8*o - 1. Let n be g(6). What is the units digit of 101/n - (-12)/(-66)?
9
Let g(q) = -3*q**2 - 7*q + 6. Let h be g(0). Let z be 2/(-1 + 22/18). What is the units digit of 60*h/z - -4?
4
Let o = -107 - -110. Suppose -187 = -0*j - j - n, -j - o*n + 177 = 0. What is the hundreds digit of j?
1
Let l(n) = -185*n - 8. What is the tens digit of l(-2)?
6
Let r = 3315 + -2082. What is the units digit of r?
3
Suppose -150*w - 825 = -151*w. What is the units digit of w?
5
Suppose -4*r = -0*r - 1176. Suppose -f - 5*f = -r. What is the tens digit of f?
4
Suppose -8*z + 6105 + 6319 = 0. What is the thousands digit of z?
1
Let o = 129 - 34. Let u = o + -49. What is the tens digit of u?
4
Let u = -42 + 38. Let w be (3 + (-35)/20)*u. Let k(g) = g**2 - 6. What is the tens digit of k(w)?
1
Let s(k) = k**3 - 16*k**2 - 16*k + 16. Let m be s(17). Let b = 24 - m. Let h = b + 25. What is the units digit of h?
6
Let t(p) be the second derivative of p**5/20 - 3*p**4/4 + p**3 - 5*p**2 - 2*p. Let f be t(9). Let g = -17 + f. What is the units digit of g?
7
Suppose 4*z + k = -4*k + 63, 3*k = z - 20. Let u be z/(-3)*-18*1. Suppose b + 3*m = -b + u, -4*m - 62 = -b. What is the tens digit of b?
5
Suppose 2*j = l + 1251, 5*j + 11*l - 10*l - 3138 = 0. What is the units digit of j?
7
Suppose 4*v - 1398 = -2*x + 3*v, 2*x - v = 1406. What is the units digit of x?
1
Let x = 453 - -655. What is the thousands digit of x?
1
Suppose 0*h + 3*h = 4*c - 40, 5*h - 40 = -4*c. Let n be (-252)/(-60) - 2/c. What is the units digit of n/(35/11 + -3)?
2
Suppose -75*c - 2*c = -160237. What is the tens digit of c?
8
Suppose 0 = 5*v + n - 40, -15 = -2*v + 3*n + 1. Suppose 5*a = -2 - 8. What is the units digit of a*(0 - 28/v)?
7
What is the hundreds digit of (3798/3)/(5 - 18/4)?
5
What is the units digit of 1 - (-1 + (-445 - 5))?
2
Let l(n) = 2*n - 4*n + 2*n**2 + 3 + 5*n. What is the tens digit of l(5)?
6
Let y = 3946 - 2398. What is the hundreds digit of y?
5
Suppose -25*j + 896 = -21*j. Suppose -4*q = 4*y - j, 0 = -5*y - 0*q + 2*q + 301. What is the tens digit of y?
5
Let g(p) = -2*p**3 - 4*p**2 + 3*p - 8. Let t be g(-4). Suppose 11 - 2 = 3*h. Suppose -4 = -h*v + t. What is the tens digit of v?
1
Let f(j) = j**2 + 5*j - 1. Let x be f(-7). Suppose 5*b = x + 107. What is the units digit of b?
4
Let b(q) = q + 12. Let p = -1 + -7. Let u be b(p). Suppose 5*r - 6*r + 20 = -3*y, 2*r - 34 = u*y. What is the units digit of r?
1
Suppose -k + 713 - 27 = 0. What is the units digit of k?
6
Suppose -5*k = -2*d + 15, -d + 5*d = -5*k + 15. What is the units digit of 24/(-2)*k/2?
6
Let u(q) = -85*q - 12. Let r(w) = -254*w - 36. Let z(y) = 6*r(y) - 17*u(y). What is the units digit of z(-3)?
5
What is the hundreds digit of 6/69 - 3632/(-23)?
1
Let c(j) = -69*j + 144. Let g(q) = 17*q - 36. Let t(x) = -2*c(x) - 9*g(x). What is the tens digit of t(-19)?
2
Suppose -75 + 760 = 5*s. Let y = s + -91. What is the units digit of y?
6
Suppose -4*z = -3*u - 6*z + 2, 0 = -z - 5. Let o(v) = -7 - 8*v - 3*v**3 + 2*v**3 - 7*v**2 - u*v**3 + 4*v**3. What is the units digit of o(-6)?
5
Let d(f) = -3*f**2 + f + 1. Let m(u) = -u**2. Let l(t) = -d(t) + m(t). What is the units digit of l(-2)?
9
Let s(j) = -177*j**3 - 2*j**2 + j + 2. Let k be s(-3). What is the units digit of -3 + (k/21 - 4/6)?
3
Let z = -156 - -498. Let k = z - 227. What is the hundreds digit of k?
1
Suppose 5*t + 10 = 2*t + 5*o, 2*o = 2*t. Suppose t*h + 2*q = -0*h + 90, -h + 25 = -q. What is the tens digit of h?
2
Let v(l) = 22*l + 115. What is the units digit of v(50)?
5
Let c(x) = x**3 + 4*x**2 - 11*x - 9. Let h be c(-6). Let w = h + 17. Suppose -2*s = 3*s + 3*l - 101, w*s - 5*l = 28. What is the units digit of s?
9
Suppose -2*a = -3*l - 676, 6*a - a + 2*l = 1652. What is the hundreds digi